33013 (base 5) to base 3
-10002122
503 (base 11) to base 7
1526
Convert 130c1 (base 15) to base 2.
1110111000000011
Convert -11746 (base 10) to base 13.
-5467
What is 23310102 (base 4) in base 12?
24016
What is -40 (base 10) in base 15?
-2a
-bc (base 14) to base 8
-246
What is 1a815 (base 13) in base 15?
105a1
Convert -1142 (base 9) to base 2.
-1101010000
Convert -325 (base 7) to base 9.
-204
What is -4447 (base 9) in base 14?
-12a7
-1102230 (base 4) to base 8
-12254
What is 12b0 (base 12) in base 15?
983
969 (base 10) to base 2
1111001001
What is -11615 (base 9) in base 5?
-222130
Convert -10011111100110 (base 2) to base 8.
-23746
Convert 1bb55 (base 12) to base 13.
15ac1
-28302 (base 9) to base 6
-224515
-1348 (base 10) to base 14
-6c4
Convert 3a5 (base 14) to base 10.
733
-8257 (base 10) to base 14
-301b
-24221 (base 6) to base 4
-313111
Convert 10642 (base 9) to base 2.
1101110101101
Convert b51 (base 16) to base 5.
43042
Convert -10240 (base 5) to base 3.
-221202
What is 6a7 (base 11) in base 3?
1011020
-400324 (base 5) to base 2
-11000100101101
Convert 2031 (base 6) to base 15.
201
What is 1011113 (base 4) in base 5?
120224
What is 11030 (base 4) in base 9?
408
Convert -32250 (base 8) to base 15.
-3eda
What is -1101000001 (base 2) in base 6?
-3505
What is -297 (base 10) in base 5?
-2142
1120020 (base 3) to base 5
14030
124041 (base 6) to base 2
10101111111001
Convert 18334 (base 9) to base 4.
3011323
-112120021 (base 3) to base 14
-3c26
What is -8855 (base 9) in base 3?
-22221212
What is 101011 (base 3) in base 6?
1134
Convert -4227 (base 11) to base 10.
-5595
Convert 604 (base 14) to base 6.
5244
Convert 10000110000110 (base 2) to base 3.
102202212
What is cca (base 15) in base 3?
10222001
What is -2001443 (base 5) in base 8?
-75412
What is -d58 (base 15) in base 9?
-4112
What is 1042 (base 7) in base 5?
2443
Convert -551 (base 9) to base 3.
-121201
-1976 (base 10) to base 16
-7b8
What is 2378 (base 9) in base 3?
2102122
What is -1b33 (base 16) in base 10?
-6963
462 (base 8) to base 9
370
What is 22311 (base 4) in base 9?
850
-49111 (base 10) to base 9
-74327
-373 (base 8) to base 3
-100022
What is 1331220 (base 4) in base 2?
1111101101000
What is -71 (base 11) in base 3?
-2220
What is -1112021 (base 3) in base 6?
-5054
Convert -7a05 (base 15) to base 8.
-62430
Convert -81 (base 12) to base 3.
-10121
5511 (base 8) to base 11
2197
-2532 (base 7) to base 9
-1270
-5d1 (base 14) to base 13
-6b6
What is -10100101 (base 2) in base 12?
-119
-23412 (base 8) to base 7
-41065
-1211 (base 7) to base 8
-701
What is 11 (base 4) in base 12?
5
200111 (base 3) to base 2
111110011
What is -210100 (base 4) in base 6?
-14424
273 (base 12) to base 16
177
Convert 832 (base 9) to base 3.
221002
-11111111 (base 2) to base 3
-100110
-1243 (base 8) to base 15
-300
Convert -353 (base 13) to base 12.
-3bb
34211 (base 6) to base 9
6557
-5357 (base 12) to base 9
-13474
17610 (base 11) to base 16
6077
-564 (base 13) to base 6
-4143
What is -25139 (base 11) in base 9?
-54461
What is -266 (base 10) in base 15?
-12b
What is 734 (base 11) in base 15?
3de
What is 1bab (base 16) in base 2?
1101110101011
Convert 3633 (base 10) to base 3.
11222120
What is 1011 (base 4) in base 7?
126
Convert -4124 (base 6) to base 12.
-644
What is -10230233 (base 4) in base 11?
-13508
What is -2110 (base 3) in base 4?
-1002
What is -53226 (base 7) in base 15?
-3d6c
-1407 (base 9) to base 16
-424
Convert 1331 (base 9) to base 13.
5bc
Convert 135 (base 8) to base 9.
113
What is 232 (base 16) in base 2?
1000110010
What is -31122 (base 5) in base 15?
-90c
-3620 (base 9) to base 15
-be6
What is 11300 (base 4) in base 16?
170
What is 1007 (base 9) in base 11?
60a
Convert 2b97 (base 12) to base 8.
12043
637 (base 12) to base 4
32023
What is 1100111100 (base 2) in base 8?
1474
280 (base 9) to base 4
3222
What is -677 (base 16) in base 10?
-1655
60514 (base 7) to base 2
11100101000110
Convert -6108 (base 9) to base 15.
-14c8
What is -1010110 (base 3) in base 7?
-2253
What is 16ce (base 15) in base 9?
6665
Convert 1021303 (base 4) to base 16.
1273
Convert -6b4a (base 12) to base 8.
-27352
Convert -1668 (base 14) to base 15.
-12c7
2340 (base 6) to base 3
202220
What is -6912 (base 14) in base 5?
-1040434
-201101 (base 3) to base 15
-24d
71112 (base 8) to base 15
8a08
-10010000101 (base 2) to base 16
-485
What is 513 (base 10) in base 15?
243
Convert -6518 (base 13) to base 6.
-145012
What is -742 (base 13) in base 16?
-4d5
3556 (base 8) to base 10
1902
What is 9341 (base 10) in base 16?
247d
-3043 (base 8) to base 3
-2011012
111c (base 13) to base 10
2391
What is -120200 (base 3) in base 12?
-2b3
What is 8770 (base 9) in base 14?
24d8
-b05 (base 14) to base 2
-100001110001
Convert 10001110111111 (base 2) to base 14.
3499
-3360 (base 14) to base 15
-2989
-2c1 (base 14) to base 11
-470
1806a (base 12) to base 11
24033
-10111001000 (base 2) to base 4
-113020
-34495 (base 10) to base 8
-103277
Convert 203 (base 15) to base 10.
453
What is -436 (base 11) in base 5?
-4043
Convert 123ad (base 15) to base 3.
2221212001
-132b4 (base 13) to base 2
-1000101100110101
-13355 (base 6) to base 5
-31322
What is -87b (base 15) in base 16?
-77c
What is 285 (base 11) in base 3?
110102
Convert -3211 (base 5) to base 13.
-272
23 (base 12) to base 2
11011
Convert 9177 (base 14) to base 4.
12012211
Convert -4471 (base 8) to base 11.
-1857
-265 (base 9) to base 12
-165
What is 3442 (base 5) in base 12?
355
2f3 (base 16) to base 9
1028
Convert 236151 (base 7) to base 9.
64833
3b9 (base 12) to base 11
481
What is 113142 (base 6) in base 3?
111102022
What is 77859 (base 10) in base 8?
230043
What is 22104 (base 6) in base 15?
d94
-10bd (base 15) to base 14
-141b
-3df (base 16) to base 14
-50b
Convert -2888 (base 10) to base 5.
-43023
-2033120 (base 5) to base 4
-20023333
1991 (base 11) to base 6
15400
What is -100401 (base 5) in base 16?
-c9a
What is 12110 (base 5) in base 9?
1215
Convert -211 (base 3) to base 10.
-22
Convert -179 (base 11) to base 15.
-dc
What is 2aa7 (base 13) in base 14?
23a5
1431 (base 6) to base 13
232
Convert 50 (base 15) to base 13.
5a
Convert 32316 (base 7) to base 9.
12033
-401b (base 13) to base 3
-110002101
2221222000 (base 3) to base 8
161665
-2701 (base 9) to base 6
-13214
-14545 (base 6) to base 13
-1103
What is 78b3 (base 12) in base 11?
a067
What is -67589 (base 10) in base 13?
-249c2
Convert -10032 (base 4) to base 7.
-534
Convert -1302 (base 5) to base 15.
-d7
17332 (base 8) to base 4
1323122
What is -110e (base 15) in base 6?
-24422
Convert -11368 (base 10) to base 2.
-10110001101000
Convert -3993 (base 10) to base 12.
-2389
122232 (base 6) to base 11
8202
What is 1c3d (base 15) in base 12?
3671
1564 (base 13) to base 2
110000110100
Convert 100101100010 (base 2) to base 7.
10001
-3a91 (base 12) to base 10
-6733
What is -3373 (base 9) in base 10?
-2496
Convert 1374 (base 8) to base 12.
538
Convert 111276 (base 9) to base 4.
100100022
Convert 1111100001 (base 2) to base 15.
463
What is -20 (base 6) in base 4?
-30
What is -5845 (base 16) in base 12?
-110b1
26965 (base 10) to base 15
7eca
What is 1555 (base 7) in base 13?
394
Convert 144 (base 11) to base 14.
c1
What is 302123 (base 4) in base 8?
6233
What is -4cf3 (base 16) in base 5?
-1112244
-1110111100010 (base 2) to base 8
-16742
-31a1 (base 12) to base 6
-41121
Convert 74033 (base 10) to base 8.
220461
What is 25236 (base 7) in base 8?
14762
8478 (base 9) to base 5
144402
What is -30b (base 14) in base 16?
-257
172 (base 9) to base 11
123
What is 122 (base 6) in base 2?
110010
Convert 5abb (base 12) to base 13.
4865
Convert 1d (base 15) to base 12.
24
What is 11110011101 (base 2) in base 6?
13005
-58387 (base 9) to base 7
-221404
Convert a72 (base 14) to base 4.
200030
12e (base 15) to base 2
100001101
Convert -243052 (base 6) to base 9.
-32335
3302000 (base 4) to base 14
5904
Convert -d7 (base 14) to base 4.
-2331
What is -2158 (base 16) in base 7?
-33613
Convert -14510 (base 6) to base 12.
-1436
What is 656 (base 9) in base 5?
4122
-442 (base 10) to base 9
-541
2703 (base 10) to base 8
5217
-2221021 (base 3) to base 11
-1676
What is -111001011001 (base 2) in base 6?
-25001
What is 783 (base 16) in base 13?
b4c
-afb7 (base 16) to base